ed by a.
18
Suppose -4*l + 2*l = v - 191, l = -3*v + 108. Let u = 1 + 7. What is the remainder when l is divided by u?
5
Suppose -8*b - 64 = 8*b, 100 = 4*g + 2*b. What is the remainder when 350 is divided by g?
26
Let s(j) = -j**2 + 4*j - 5. Let z be s(4). Let o(h) = h**3 + 8*h**2 + 6*h + 5. What is the remainder when 147 is divided by o(z)?
47
Suppose 3 = -2*g + 43. Suppose -478 = -136*j + 7410. What is the remainder when j is divided by g?
18
Let t be 5/3*-67 + (-3)/9. Let l = 116 + t. Calculate the remainder when 29 is divided by l.
1
Let j be 406/10 - 2 - 9/15. Let z = 45 + j. Suppose -b + 3*b - 42 = 0. What is the remainder when z is divided by b?
20
Suppose 58 = 2*o - 34. Calculate the remainder when o is divided by 12/(-36) - 74/(-6).
10
Let d = 39 + -34. Let l(o) be the second derivative of -o**5/20 - 5*o**4/12 - o**3/3 - o**2/2 + 2*o. What is the remainder when l(-5) is divided by d?
4
Suppose -168*p = -116*p - 12792. What is the remainder when p is divided by 36?
30
Let y(i) = -i**2 - 3*i + 6. Let q be y(5). Let d = q - -45. What is the remainder when 53 is divided by d?
9
Suppose 3*i + 2*y - 5 = 0, -5*i - 3*y + 5 = -i. Suppose i*f = -l + 127 + 7, 0 = l - 5*f - 124. What is the remainder when l is divided by 33?
30
Let n(t) = t**2 + 2 + 2*t - 10 + 0*t. Calculate the remainder when (414/(-92))/(6/(-40)) is divided by n(-6).
14
Suppose 485 = -3*l + 5*l + 5*w, 4*w = 4*l - 1012. Calculate the remainder when l is divided by 32.
26
Suppose -53*g - 9274 + 31004 = 0. Calculate the remainder when g is divided by 84.
74
Let h = -313 + 413. What is the remainder when 328 is divided by h?
28
Let t = -330 + 341. Calculate the remainder when 593 is divided by t.
10
Suppose 0 = -5*n - p + 123, 114 - 6 = 4*n + 4*p. Calculate the remainder when 93 is divided by n.
21
Suppose 0*z - 3*z = -2*q - 2712, -q = 3*z + 1347. Let s be (-6)/(-9) - q/9. Let h = s - 105. What is the remainder when h is divided by 24?
22
Suppose -3*l + 2*m + 188 = 0, -246 = -4*l + 77*m - 79*m. Calculate the remainder when l is divided by 29.
4
Suppose -102 = -n - 83. What is the remainder when 70 is divided by n?
13
Suppose -y = -20 - 4. Suppose -18*g + y = -16*g. What is the remainder when 35 is divided by g?
11
Let r = -37 + 59. Suppose -r*v + 100 = -17*v. What is the remainder when 54 is divided by v?
14
What is the remainder when 35 is divided by (-74)/296 + 74/8?
8
Let y(l) = -2*l + 3. Suppose 2*v + 4*d - 8 - 2 = 0, -4*d = -20. Suppose 0 = 13*n - 274 - 194. Calculate the remainder when n is divided by y(v).
10
Let s = -82 + 107. Calculate the remainder when 197 is divided by s.
22
Let f be 10/(-4)*48/(-60). Suppose 2 + 4 = f*w. Calculate the remainder when ((-2)/(-4))/((-1)/(-6)) is divided by w.
0
Suppose -110 - 70 = -5*u. What is the remainder when 103 is divided by u?
31
Suppose f + 18*z = 15*z + 783, 0 = f + 4*z - 785. Calculate the remainder when f is divided by 39.
36
Let y = -69 - -111. Calculate the remainder when y is divided by 11.
9
Suppose -72*t + 69*t - 4*w = -227, 5*t + 5*w - 385 = 0. Let b = -24 + 41. What is the remainder when t is divided by b?
13
Suppose 2*b - 9 - 19 = 0. Suppose -b*i + 22*i = 272. Suppose 86 + 9 = 5*n. Calculate the remainder when i is divided by n.
15
Let l = 377 - 317. What is the remainder when 599 is divided by l?
59
Let i = -42 + 68. Let q(u) = -u**3 + 6*u**2 + 2*u - 25. What is the remainder when i is divided by q(4)?
11
Let z = -180 - -267. Calculate the remainder when z is divided by 23.
18
Let s = 1696 + -1385. Calculate the remainder when s is divided by 108.
95
Let u(z) = 3*z**3 + 2*z**2 - 2*z + 1. Let h be u(1). Suppose -2*t = -h - 26. What is the remainder when 59 is divided by t?
14
Suppose -u - b + 9 = 0, -u + 6*u - 3*b - 13 = 0. Suppose 4*g = -u*x + 83, -2*g - 13 + 53 = 4*x. Calculate the remainder when g is divided by 7.
1
Let r(z) = 14*z - 34. What is the remainder when r(9) is divided by 14?
8
Let r(w) = -10*w - 26. Let v(u) = 2*u + 5. Let k(f) = -2*r(f) - 11*v(f). Calculate the remainder when 22 is divided by k(-5).
1
Suppose 5*g = 2*t - 230, -t + 3*t + 184 = -4*g. Let w = g + 71. Calculate the remainder when w is divided by 14.
11
Let o(r) be the first derivative of r**3/3 - 2*r**2 - 5*r - 3. Let b = 30 + -16. Calculate the remainder when o(-5) is divided by b.
12
Let s be 1/(-4) + (-292)/(-16). Let r = s + 10. Calculate the remainder when 83 is divided by r.
27
Let i(a) = a**2 + 5*a - 14. Let o be i(11). Suppose -2*c = c - o. Calculate the remainder when c is divided by 11 - (3/3 - 1).
10
Let t = 7 + 0. Let w = 70 + -65. Suppose o - 106 = -4*x, w*x - 4*o - 132 = 11. Calculate the remainder when x is divided by t.
6
Let i(h) = 5*h - 6. Let x be i(2). Let v = 86 - 46. Suppose 5*a = -x*m + 126, a - v = -a + m. Calculate the remainder when a is divided by 8.
6
Let z = 14 + -8. Let q(a) = 3*a**2 - 9*a + 1. Let w be q(z). Calculate the remainder when (1*6)/(11/w) is divided by 8.
6
Let m = 20 - 24. Let w(h) = -2*h**3 - 6*h**2 - 4*h - 5. Calculate the remainder when w(m) is divided by 15.
13
Let g = 313 - 309. Calculate the remainder when 27 is divided by g.
3
Let c be ((-3)/6)/1*-4. Suppose -3*u = -3*l + 81, u = -3*l + 8*l - 135. What is the remainder when l is divided by (c/2)/((-6)/(-42))?
6
Let s = 18 - -14. Suppose -s - 19 = -3*m. Let g = -25 + 58. Calculate the remainder when g is divided by m.
16
Let s(o) = -o**2 - 9*o - 10. Let v(j) = -j**3 + 4*j**2 + 5*j - 7. Let f be v(5). Calculate the remainder when 13 is divided by s(f).
1
Let o = 394 + -363. What is the remainder when 556 is divided by o?
29
Let t = 2339 + -2287. Calculate the remainder when t is divided by 2/3*-3 - -16.
10
Let x(s) = -s**2 + 8*s - 11. Let l(a) = a**3 + a**2 - 3*a - 1. Let b be l(2). What is the remainder when 13 is divided by x(b)?
1
Suppose 336 = 20*g - 17*g. Let i = 118 - g. Calculate the remainder when 36 is divided by i.
0
Let n = 288 - 232. Calculate the remainder when 670 is divided by n.
54
What is the remainder when (165/15)/(1/7) is divided by 28?
21
Let c be 7 + 2/(-3 - -1). Let z be (3 + -3)/(4*2/(-4)). Let v = c - z. Calculate the remainder when 22 is divided by v.
4
Let v(t) = -15*t + 1. Suppose 7*n - 11*n = -124. Suppose 25 + n = 8*y. What is the remainder when v(-1) is divided by y?
2
Suppose -4*j = -3*x + 169, 3*x = -5*j + 10*j + 170. Calculate the remainder when x is divided by 34.
21
Suppose -4*p = -5*l + 72, 2*l + 3*p - 23 = -8. Calculate the remainder when 70 is divided by l.
10
What is the remainder when 8 is divided by 32/14 - 2 - (-160)/224?
0
Suppose 0 = -3*n - 2*n + 10. Suppose 8*v - 1842 = -1794. What is the remainder when v is divided by n?
0
Suppose -83 = -i - 3*s, 3*i - 172 = 3*s + 113. Let l = -80 + i. Calculate the remainder when 33 is divided by l.
9
Let j(v) = v**2 - 5*v + 4. Let t be j(4). Suppose t = 7*h - 4*h - 15. Let u(p) = 2*p**2 + 3*p + 8. Calculate the remainder when u(h) is divided by 19.
16
Let v = -23 - -27. Suppose y = -v*y + 870. Calculate the remainder when (-12)/(-20) - y/(-10) is divided by 7.
4
Suppose o - 95 = -0*o - 2*h, 3*o - 252 = 5*h. Calculate the remainder when o is divided by -6 + (-4 - (-22 - 11)).
20
Suppose -3*y + 15 = 3. Suppose -y*h - 6 = -q, 3*q + 16 - 47 = -h. Calculate the remainder when 28 is divided by q.
8
Suppose 3*k = -2*k + 2350. Suppose 5*l - 2*j - 584 = 0, 4*l + 3*j - 6*j - k = 0. Calculate the remainder when l is divided by 13.
12
Let w(d) = -50*d**3 + 1. Let g be w(-1). Let y = g - 26. What is the remainder when 123 is divided by y?
23
Let h(g) = 26*g**3 + 2*g**2 - 1. Suppose 0 = 4*q - 12 + 4. Suppose -35 = -q*m - 3*m. What is the remainder when h(1) is divided by m?
6
Suppose -2*g + 5*a = -32, 2*g - 2*a - a - 28 = 0. Let j(s) = g*s - s**3 + 9 - 2 - 3*s**2 - 3*s. What is the remainder when j(-6) is divided by 23?
21
Let o = 54 - 42. Calculate the remainder when 33 is divided by o.
9
Let v(x) = 2*x + 154. What is the remainder when v(-8) is divided by 50?
38
Let k = 11 - 3. Suppose -y - k = -41. Let s(m) = 2*m**2 - 3*m. Calculate the remainder when y is divided by s(3).
6
Suppose 4*o + 5*f = 19, -f = -4*o + 4 + 45. Let y = -218 - -260. Calculate the remainder when y is divided by o.
9
Suppose 7*z = 8*z + 2, -5*m + 527 = 4*z. What is the remainder when m is divided b